inder when -65*-3*(-4)/(-10) is divided by a(3)?
3
Suppose -1650 = -21*g + 4565 + 337. Calculate the remainder when 553 is divided by g.
241
Let c(w) = -w**3 + 9*w**2 + 90*w + 18. Let j = 183 - 106. Calculate the remainder when j is divided by c(15).
5
Calculate the remainder when 386 is divided by -1 + 82 + 7/(21/(-6)).
70
Suppose -1110 = -62*w + 52*w. Let y = -11 + 18. Calculate the remainder when w is divided by y.
6
Suppose 2*v - 1476 = -1182. What is the remainder when v is divided by (33/(-1) + 9/3)*-1?
27
Let x = -5687 - -8327. What is the remainder when x is divided by 126?
120
Let b be 2/(((-36)/(-15))/6). Let s = 39 + b. Suppose -j = -t + 133, 4*j - 242 = -2*t - 0*j. Calculate the remainder when t is divided by s.
41
Suppose 103 = 28*a - 121. Let u = 227 + -409. Calculate the remainder when (-3)/(-12) + u/(-8) is divided by a.
7
Suppose -2589*i = -2566*i - 12374. What is the remainder when 1618 is divided by i?
4
Suppose -3*d + 125 = -m + 6*m, -2*m = 3*d - 122. Calculate the remainder when d is divided by 2*(-4)/10 - (-10428)/660.
10
Let f(j) = j**3 - 3*j**2 - 11*j + 24. Let u be f(7). Let x = u - 118. Calculate the remainder when x is divided by 20.
5
Suppose 433 = 2*c - 12*a + 9*a, -5*c + 1094 = 4*a. What is the remainder when 1513 is divided by c?
205
Suppose 0 = 3*s + 5*a - 22, 6 + 19 = 3*s + 2*a. Let l = -49 + 84. Calculate the remainder when l is divided by s.
8
Suppose 0 = -3*k - k + 72. Let n = 8184 - 8095. What is the remainder when n is divided by k?
17
Let i = 321 + -305. Suppose 19*p - 168 + i = 0. Calculate the remainder when 50 is divided by p.
2
What is the remainder when -14*149*500/(-1750) is divided by 84?
8
Calculate the remainder when 227 is divided by (-1394)/(-29) + 186/(-2697) + 0/2.
35
Let t(z) = -z - 7. Let g be t(-5). Let q be (g + -20)*(-2)/4. Let d(u) = -u**3 + 10*u**2 + 13*u - 14. Calculate the remainder when 62 is divided by d(q).
6
Let z(o) = o**3 + 12*o**2 - 96*o + 6. Calculate the remainder when z(7) is divided by 57.
37
Let t = 410 - 63. Calculate the remainder when t is divided by 81.
23
Suppose 29*o - 12*o = -8857. Let g = -505 - o. Calculate the remainder when 284 is divided by g.
12
Let b(d) = d**2 + 7*d - 20. Let p be b(-6). Let g = 2 - -18. Calculate the remainder when (-2)/((-3)/9 + (-8)/p) is divided by g.
18
Suppose -3*f + 131 = -4*j - 264, 278 = 2*f + j. Calculate the remainder when 3013 is divided by f.
136
Suppose 5*z - 27 = 2*z. Suppose z*h - 4*h + 215 = 0. Let a = -12 - h. Calculate the remainder when a is divided by 11.
9
What is the remainder when 2527 is divided by (2/6)/(0 - 10/(-300))?
7
Suppose 56*b - 17*b = 11271. What is the remainder when b is divided by 100?
89
Suppose 28609*v + 85 = 28614*v. What is the remainder when 11827 is divided by v?
12
Suppose -288 = -4*q - 4*b, 387 = 4*q - 3*b + 113. Suppose -q*j = -66*j - 608. What is the remainder when j is divided by 20?
12
Let l = 3735 - 2857. Calculate the remainder when l is divided by 18.
14
Suppose 158 = 3*t + 38. Suppose 83 = 10*b - 29 - 28. Calculate the remainder when t is divided by b.
12
Let u be 0/(0 - (1 + 2)). Suppose -25*a + 27*a - 10 = u. Suppose 2*x - 63 = 5*l, -l - 31 - 12 = -2*x. What is the remainder when x is divided by a?
4
Let t(g) = g**3 + 268*g - 1088. What is the remainder when (-957)/(-2) - 5/(-10) is divided by t(4)?
47
Let d = -1305 + 1325. What is the remainder when 614 is divided by d?
14
Suppose 39 = 4*g + 19. Suppose g*b + 104 = 339. What is the remainder when 327 is divided by b?
45
Suppose -231 = -3*p - 60. Suppose 11*h - 1111 = 2365. Let v = -304 + h. Calculate the remainder when p is divided by v.
9
Let t = -3506 + 4020. What is the remainder when t is divided by 51?
4
Let a(c) = -4*c. Let q be a(-1). Suppose 3*i = 3*d + i - 17, 0 = q*d + 2*i - 46. Calculate the remainder when (3/(-6))/(3/(-144)*1) is divided by d.
6
Suppose -6*q = 3*q - 297. Let y be (-30)/4*(-12)/(-15). Let t = y + 12. What is the remainder when q is divided by t?
3
Suppose p = 2*p - 30. Let k(u) = -2*u + 57. Let o(c) = 5*c - 12. Let r be o(7). What is the remainder when p is divided by k(r)?
8
Let q(r) = -r**3 - 20*r**2 - r + 68. Let a be q(-20). What is the remainder when 1 is divided by (-2)/11*a/(-16)?
0
Let i be 8/(-6)*(-15)/(-10). Let s = -123 - -135. What is the remainder when s is divided by -2*2/8*36/i?
3
Suppose -2*m + 20 - 8 = 0. Let v(a) = 4*a + 6. Let x be v(0). What is the remainder when x - 0 - (-140)/4 is divided by m?
5
Let j(r) = 69*r**2 - r + 1. Suppose f = 5, g - 3*f + 14 = -0*g. Let z(w) = 21314*w - 42614. What is the remainder when j(g) is divided by z(2)?
13
Suppose 4*t = 6*t - 172. Let a(h) = -h**3 + 6*h**2 - 3*h - 2. Suppose 3*c - 4*y = -8, -y - 4*y = -25. What is the remainder when t is divided by a(c)?
14
What is the remainder when (1370/4 + -6)/(((-5)/6)/(-5)) is divided by 46?
41
Let z(m) = -m**2 - 15*m + 101. Suppose 0*i = 3*p - 2*i - 53, 0 = -4*i - 4. What is the remainder when z(-19) is divided by p?
8
Let v(r) be the second derivative of r**5/5 - r**4/4 + 5*r**3/6 - 3*r**2/2 + 37*r. Calculate the remainder when 35 is divided by v(1).
2
Suppose -h + 14 = -37. Suppose 6*x - 4*x - 3*b - 8 = 0, -16 = -4*x - 3*b. Calculate the remainder when h is divided by x.
3
Suppose 137*v - 571 = 1330 + 6730. Calculate the remainder when 1207 is divided by v.
10
What is the remainder when 20/(-40)*49/7 - 238/(-4) is divided by 3?
2
Let f(x) = 2*x - 6. Suppose 4*o - 152 = -22*z + 23*z, -o = 5*z - 38. What is the remainder when o is divided by f(10)?
10
Let c(f) = 809*f + 148. What is the remainder when c(3) is divided by 46?
45
Let x = 240 - 245. Calculate the remainder when 8 is divided by (x/2)/((-15)/36).
2
Calculate the remainder when 83538/408 + (-9)/(-4) is divided by 19.
17
Let a(y) = y + 4. Let g be a(-11). Calculate the remainder when 112/g*(-1 - 1)/1 is divided by (-70)/(-12) - 11/(-66).
2
Suppose 0 = 3*y - 255 - 12. Suppose -532*b + 254*b = -265*b - 247. Calculate the remainder when y is divided by b.
13
Let f = 9066 + -9043. Calculate the remainder when 7126 is divided by f.
19
Let j(l) = -l**2 - 3*l + 27. Let m be j(-7). Let u(p) = -3*p + 6. Calculate the remainder when 68 is divided by u(m).
5
Suppose 2*j + 0 - 6 = 0. Let c(m) = 17 - 40 + m**2 + m**j + 33 + m. What is the remainder when c(3) is divided by 14?
7
Let q be (-12)/9 - (-10)/(-6). What is the remainder when 441 is divided by (68/q)/(-9 + 25/3)?
33
Suppose 4 = -5*s - 2*c, 1 = -s - 4*c - 7. Suppose 4*i - 2*i - 40 = s. Calculate the remainder when i is divided by 1*(-260)/78*-3.
0
Suppose -602*a + 508*a = -11468. What is the remainder when 254 is divided by a?
10
Suppose 5*v = a - 97, -26*a + 3*v - 597 = -31*a. What is the remainder when 1869 is divided by a?
114
Let n = -2375 - -2435. Calculate the remainder when n is divided by 24.
12
Suppose -108 = -3*h - h. Let g(u) = u**3 - 8*u**2 + 7*u + 23. Let p be g(7). Suppose 0 = -4*d + p*d - 285. Calculate the remainder when h is divided by d.
12
Suppose -19*a + 2*r = -18*a - 220, -2*a + 455 = -r. Calculate the remainder when a is divided by 10.
0
Let o = 1436 - 817. Let g be (5400/(-700))/((-10)/455). Let p = o - g. What is the remainder when p is divided by 15?
13
Suppose -31*v + 34*v - 453 = 0. Suppose -4*d + 0*d - 168 = 0. What is the remainder when v is divided by (-14)/d*228/2?
37
Let h = -22 + 168. Let c = h + -141. What is the remainder when 11 is divided by c?
1
Suppose -446*j - m = -441*j - 159, -2*m = 5*j - 158. Suppose -109 = -2*o - 7. Let y = 143 - o. What is the remainder when y is divided by j?
28
Let u = -5520 + 5548. Calculate the remainder when 1170 is divided by u.
22
Let d(z) = 60*z**2 + 1015*z - 59. Let w = -184 - -275. Suppose -5*r + 64 = -4*r + 4*q, 0 = -r + 5*q + w. Calculate the remainder when r is divided by d(-17).
24
Let d = 427 + -371. What is the remainder when 142 is divided by d?
30
Suppose 0 = -13494*z + 13447*z + 131929. Calculate the remainder when z is divided by 50.
7
Let q(c) = c**3 - 95*c**2 - 1388*c - 225. What is the remainder when q(108) is divided by 1503?
0
Suppose -2*a = -6*i + i - 716, -i - 130 = 4*a. What is the remainder when -2 + -4*i/8 is divided by 22?
3
Let q = 451 + -449. Suppose 3*o + 5*s - 23 = 381, q*o - 3*s - 263 = 0. Calculate the rem